2)?
2, 17
Let q = 0 - 9. What are the prime factors of 12/q*-6*2?
2
Let y(s) = -s**3 - 3*s**2 + 7*s. What are the prime factors of y(-5)?
3, 5
Let a(t) = t**2 + t + 2. Let w be a(0). Let h(r) = -3 + w*r - 5*r + 0. What are the prime factors of h(-3)?
2, 3
Let h = -78 - -118. What are the prime factors of h?
2, 5
Suppose 2*d - 3 = d. Suppose 2*v = -3*u + 1 + 21, 3*v - d = 3*u. Suppose -43 = -3*f + v*q, q + 34 = 4*f - q. List the prime factors of f.
2, 3
Suppose -5*g + 5*c + 276 = -244, 3*c - 294 = -3*g. Suppose -5*l = 5*a - 115, 0 = -2*a - 2*a - l + g. List the prime factors of a.
2, 13
Let q(u) = -u - 1. Let g(b) = -b + 1. Let z(x) = -g(x) - 2*q(x). List the prime factors of z(2).
7
Let k = 21 + -4. What are the prime factors of k?
17
Let j(g) = -g + 4. Let t be j(6). Let l be -7 + 1*t + 2. Let v = l - -17. List the prime factors of v.
2, 5
Let r(i) = 3*i**2 - 2*i - 3. What are the prime factors of r(-2)?
13
Let h = 520 + -294. List the prime factors of h.
2, 113
Let i = 31 + 9. Suppose h - i = -0*h. What are the prime factors of h?
2, 5
Let s = 312 - 215. What are the prime factors of s?
97
What are the prime factors of (-34)/68 - (-391)/2?
3, 5, 13
Let o = 6 + -6. Suppose o*w - w = -7. What are the prime factors of w?
7
Let y = -115 + 247. Suppose 0 = -2*w - 2*w + y. What are the prime factors of w?
3, 11
Let i be ((-3)/2)/((-3)/(-8)). Suppose 0*p + 38 = 3*p + 5*z, -8 = -2*z. Let x = i + p. What are the prime factors of x?
2
Let x = -9 - 0. What are the prime factors of (-6)/x + 120/9?
2, 7
Let w be 10 - (-3)/(0 + -1). Suppose -g = -0*g - w. Let l = 10 + g. List the prime factors of l.
17
Let g be 9/2*(7 + -1). Suppose -n = -2*n + 2. Suppose n*i = 5*i - g. List the prime factors of i.
3
Suppose 4*w + 1 = -7. Let t = w - -2. Suppose -2*j = -t*j - 16. List the prime factors of j.
2
Let a(r) = r. Let x(g) = -g**3 - 9*g**2 - g - 4. Let s be x(-9). Suppose -34 = -s*i + 1. List the prime factors of a(i).
7
Let i be ((-399)/(-35))/(1/5). Suppose -2*j + i = j - a, j - 3*a = 11. List the prime factors of j.
2, 5
Let a(i) = -3*i - 1. Let x be a(-1). Let j be -1 + 0 + x - -1. List the prime factors of (24/(-9))/(j/(-3)).
2
Let k be (-2)/(-7) - 110/(-7). Suppose y = 5*y + k. Let j(g) = -2*g - 3. What are the prime factors of j(y)?
5
Let y(k) = 45*k**2 + 5*k - 9. Let f(i) = 11*i**2 + i - 2. Let t(z) = 9*f(z) - 2*y(z). List the prime factors of t(1).
2
Suppose -n - 690 = -6*n. Let g be (-4)/22 + n/33. What are the prime factors of -25*(g/(-10) + 0)?
2, 5
Let l(a) = a**2 - 5*a - 12. Let p be l(6). List the prime factors of (-960)/(-54) - p/27.
2, 3
Let i(l) = -2*l + 4. What are the prime factors of i(-4)?
2, 3
Let d(f) be the first derivative of -f**5/120 - f**4/6 + 2*f**3/3 + 1. Let k(p) be the third derivative of d(p). List the prime factors of k(-7).
3
Suppose q = -0*q. Suppose q = 3*t - 2*j - 3 - 19, -3*t + j + 20 = 0. What are the prime factors of t?
2, 3
What are the prime factors of (-314)/(-4) - -2*3/12?
79
Let w = 6 - 4. Suppose -3*n = -0*y + 2*y - 6, -y + w*n = -10. Let p(m) = m**2 - 5*m. What are the prime factors of p(y)?
2, 3
Let v = 43 - -16. List the prime factors of v.
59
Let h(o) = 12*o + 1. Let n be h(1). Suppose -3*z - n = 2, 5*l + 2*z = -25. What are the prime factors of ((-4)/3)/(1/l)?
2
Let y = -18 - -2. What are the prime factors of 7 - 4/(y/12)?
2, 5
What are the prime factors of -2*((-27)/(-2))/(6/(-8))?
2, 3
Suppose -20 = -5*s + 5*i, 0*s - 2*s + 4*i + 6 = 0. Suppose 5*v - s*f = -0*v + 15, 0 = f - 2. Suppose v*o + 0*o = 20. What are the prime factors of o?
2
Let h = -48 + 82. What are the prime factors of h?
2, 17
Let i(s) = -2*s - 6. Let v be i(-10). Suppose 0 = 2*d - 3*a - 1 - 5, -4*a = d - v. List the prime factors of d.
2, 3
Suppose -30 = -2*f + 6. Suppose 4*x - 66 = -f. What are the prime factors of x?
2, 3
Let j be (-3)/1*96/(-36). Suppose 0 = 5*v - 3*m - 3, 16 = m + 3*m. Suppose 4*z = -v*t + 20, z - j = -t - 0*z. List the prime factors of t.
2, 3
Suppose -4*z - 2*o = -226, 7*o - 3*o - 236 = -4*z. List the prime factors of z.
2, 3
Let v(d) = -d**2 - 53*d - 3. List the prime factors of v(-4).
193
Suppose -3*k - 2*k - 20 = 0. Let y(d) = -6 - 2*d**2 - 4*d + d**2 - 2*d. List the prime factors of y(k).
2
Let s be (-15)/(-10) - 1/(-2). Suppose 4*m = -p + 31, -s*p - 3*m + m + 50 = 0. List the prime factors of p.
23
Let b(u) = u**3 + 22*u**2 + 20*u + 17. List the prime factors of b(-21).
2, 19
Let q = 22 + -11. Suppose 0 = v - q - 4. List the prime factors of v.
3, 5
Suppose 0 = 3*h - 2*h + 1. Let c(y) = 41*y - 1. Let u be c(h). Let b = 59 + u. List the prime factors of b.
17
Let r be (4/(-6))/((-3)/(-9)). Let c = r - -35. List the prime factors of c.
3, 11
Let z(s) = -s**3 - s + 1. Suppose 0 = -4*u + 26 - 10. Suppose -6 = u*r - r. List the prime factors of z(r).
11
Suppose -5*w + 18 = -2*a, 5*w - 26 = -2*a - 4. Suppose 2*b = -2*c + w, -c - 10 = -3*b - 0*b. List the prime factors of b.
3
Suppose -4*o + 0*o = 0. Suppose -2*b + 4*s = b - 91, 4*b + 2*s - 92 = o. What are the prime factors of b?
5
Let b(z) = -z**3 - 7*z**2 + z + 10. Suppose -2*l = 2*u - 13 - 3, 23 = u + 4*l. Suppose 18 = -3*q - u. List the prime factors of b(q).
3
What are the prime factors of 4 - (0 + -10*3)?
2, 17
Suppose 0 = -0*p + 2*p. Suppose p = 2*y - 0*y. Suppose 0*d + 8 = 5*d + z, y = -4*d - 2*z + 4. What are the prime factors of d?
2
List the prime factors of (4/8)/((-609)/(-304) + -2).
2, 19
Let h(t) be the first derivative of t**4/2 - t**2 + t + 3. What are the prime factors of h(2)?
13
Let f be 1/1 + (1 - 2). Suppose 4*z - 32 = -f*z. List the prime factors of z.
2
Suppose -5*k = -k - 124. Suppose 4*c - 5*z - 27 - k = 0, 4*z - 40 = -4*c. What are the prime factors of c?
2, 3
List the prime factors of 1/(3/168) + -3.
53
Let v(a) = 30*a**3 - a**2 + a - 1. Suppose -5*j + 4*j + 2*g - 1 = 0, 4*g = 4*j. List the prime factors of v(j).
29
Suppose 0*g - 10 = 5*g. List the prime factors of 2 - g/2 - 1.
2
Let m(s) = -13*s - 1. Let n = 3 + -5. List the prime factors of m(n).
5
Let f(w) = 3*w - 1. Let z be f(-1). Let x be 3/z + 63/4. Suppose -s + x = -0*s. What are the prime factors of s?
3, 5
Let o(a) = -5*a + 2. What are the prime factors of o(-8)?
2, 3, 7
Let r = -2 + 0. What are the prime factors of (2 + 2 + -6)*r?
2
What are the prime factors of 15 + -18 - -3*57?
2, 3, 7
List the prime factors of -8 + 7 - (-3)/(6/268).
7, 19
Suppose m + 5*b = 0, -2*b = -5*m + 82 - 1. Suppose -1 = 9*i - 8*i. What are the prime factors of (24/m)/(i/(-5))?
2
Let c = -118 + 191. What are the prime factors of c?
73
Suppose 0 = -3*p - w + 649, 4*p - 5*p + 228 = -2*w. List the prime factors of p.
2, 109
List the prime factors of 1/((10/85)/2).
17
Suppose 0 = -0*x + x + 1. Let p be (-14)/(-6) + x/3. Suppose 0 = -p*j + 3*j - 16. What are the prime factors of j?
2
Suppose 4*b = -3*t - 62, -3*t + 5*b = -4*t - 39. Let o = t - -31. List the prime factors of o.
17
Let i be (-651)/(-14) - 1/2. Suppose 0*m + i = 2*m. What are the prime factors of m?
23
Let p(n) be the third derivative of n**6/120 - n**5/15 + 7*n**4/24 - 2*n**3/3 + 2*n**2. Let m be p(4). List the prime factors of (m/20)/(2/15).
3
Let y = 28 - 24. Suppose -j = -y*j + 6. List the prime factors of j.
2
Let i be -2*-2*3/4. List the prime factors of 3/((-2)/((-4)/i)).
2
Let o(w) = -2*w**3 - 5*w**2 + 7*w + 9. List the prime factors of o(-4).
29
Let b be 6/((-1)/4 + 1). Suppose 5 = -7*q + b*q. List the prime factors of q.
5
Let l = -79 + 133. What are the prime factors of l?
2, 3
Let j = -8 + 14. Let r be 0/(j - 3) - -15. Suppose -47 = -5*w - 3*v, 36 = 5*w - v - r. List the prime factors of w.
2, 5
Suppose -4*i + 252 = 2*j, i - 3*j = 2*j + 74. List the prime factors of i.
2
Suppose 4 = 5*d - 1. What are the prime factors of (6*1)/(1/d)?
2, 3
Let s(q) = -q**2 - 7*q - 2. Let k be s(-6). Suppose k*y + y - 305 = 0. List the prime factors of y.
61
List the prime factors of 8683/76 - 1/4.
2, 3, 19
Let g = 1 + -4. Let a be 40/(-12)*g*1. Suppose a = -0*y + 2*y. What are the prime factors of y?
5
Suppose -3 = 2*c - 5. Let x = 3 + c. List the prime factors of x.
2
Let l(b) = -b + 8. Let s be l(4). Let x = -2 + s. List the prime factors of x.
2
Let f = 17 + -13. What are the prime factors of (14/f)/(1/2)?
7
Let l(n) = 2*n**2 - 17*n - 9. What are 